{"id":537852,"date":"2010-08-15T14:23:10","date_gmt":"2010-08-15T18:23:10","guid":{"rendered":""},"modified":"2026-07-15T15:02:25","modified_gmt":"2026-07-15T19:02:25","slug":"propio-15-c-2010","status":"publish","type":"sermon","link":"https:\/\/staging.episcopalchurch.org\/es\/sermons\/propio-15-c-2010\/","title":{"rendered":"Propio 15 (C) &#8211; 2010"},"content":{"rendered":"\n<p class=\"wp-block-paragraph\">Isa\u00edas 5:1-7 y Salmo 80:1-2, 8-18 (o Jerem\u00edas 23:23-29 y Salmo 82); Hebreos 11:29-12:2; San Lucas 12:49-56<\/p>\n\n\n\n<p class=\"wp-block-paragraph\">En el evangelio de Lucas, Jes\u00fas se nos presenta controversial y desafiante. \u00c9l nos confronta cuando hace la siguiente pregunta: \u201c\u00bfCreen ustedes que vine a traer paz a la tierra?\u201d, y as\u00ed mismo se responde: \u201c\u00a1Les digo que no, sino divisi\u00f3n!\u201d. En esta situaci\u00f3n espec\u00edfica su actitud ha sido interpretada como una advertencia de lo que va a ser nuestra entrega al escoger los caminos de Dios.<\/p>\n\n\n\n<p class=\"wp-block-paragraph\">Se nos revela que decidirnos a seguir los senderos de Dios no va a ser una tarea f\u00e1cil. Por el contrario, se nos va a desafiar, a confrontar y a interponer muchos obst\u00e1culos; incluso, por parte de nuestros hermanos y hermanas como bien vemos que ocurre con otras denominaciones cristianas y cat\u00f3licas. E incluso, lo que est\u00e1 ocurriendo dentro de nuestra Iglesia Episcopal y las divisiones que se est\u00e1n dando.<\/p>\n\n\n\n<p class=\"wp-block-paragraph\">\u00bfCu\u00e1l es la promesa de vida en Jes\u00fas entonces? \u00bfA cu\u00e1l tipo de divisi\u00f3n se refiere? \u00c9l se est\u00e1 refiriendo a la opci\u00f3n de vida en el Cristo resucitado y lo que implica ser sus disc\u00edpulos y vivir en fe. En Hebreos se nos dice: \u201cPero sin fe es imposible agradar a Dios; porque es necesario que el que se acerca a Dios, crea que el existe, y que recompensa a los que lo buscan\u201d. El vivir en fe nos ense\u00f1a sobre el efecto de nuestras decisiones y sus consecuencias cuando decidimos caminar por los senderos de Dios.<\/p>\n\n\n\n<p class=\"wp-block-paragraph\">El Se\u00f1or nos revela una vez m\u00e1s y en momentos cr\u00edticos de su misi\u00f3n aqu\u00ed en la tierra; la clave en el c\u00f3mo escogemos lo que Dios tiene para nosotros y nosotras. Y en el ejemplo de las divisiones entre familiares, nos lleva a comprobar como cada miembro escoge opciones de vida y formas diferentes de vivir su fe.<\/p>\n\n\n\n<p class=\"wp-block-paragraph\">Tambi\u00e9n se nos confronta como tristemente las divisiones se dan por: herencias, estatus, poder, perspectivas pol\u00edticas, intolerancia, guerras y opresiones. Las transgresiones a la libertad del otro, y los anti-valores en general nos llevan a herirnos los unos a los otros, en vez de amarnos como Jes\u00fas nos ense\u00f1\u00f3.<\/p>\n\n\n\n<p class=\"wp-block-paragraph\">Jes\u00fas quiere que entendamos que su inmenso amor, que proviene del Padre, y sabiendo que su hora est\u00e1 cerca, nos quiere sacudir y hacernos entender que no nos podemos quedar en las ataduras de las divisiones. Su mensaje, obra y ejemplo nos llevan a reflexionar y a actuar como herederos del Reino de Dios, que a pesar de las divisiones, hay una comunidad en Cristo que ya ha sido creada. Jes\u00fas nos lo ha revelado en un mensaje anterior.<\/p>\n\n\n\n<p class=\"wp-block-paragraph\">Se nos ha ense\u00f1ado que hay un mandamiento nuevo y que ese mandamiento es la ley del amor. Una ley que afirma el amor de Dios para cada uno de nosotros y nosotras; y as\u00ed mismo, como se encuentra en el evangelio de San Juan, \u201c\u2026el que le ama, su palabra guardar\u00e1 y el Padre le amar\u00e1, y ellos vendr\u00e1n y habitar\u00e1n con nosotros y nosotras\u201d.<\/p>\n\n\n\n<p class=\"wp-block-paragraph\">Esta nueva comunidad a la que hemos sido llamados a pertenecer a trav\u00e9s de Jes\u00fas, es una comunidad que no tiene lazos de consanguinidad, sino una comunidad a la que todos pertenecemos por el pacto bautismal, nuestros lazos son espirituales. Donde todos y todas pertenecemos y somos llamados hijos e hijas de Dios. \u00bfQu\u00e9 necesitamos entender entonces para hacer parte de esta nueva comunidad y nutrir nuestros lazos como fieles disc\u00edpulos y disc\u00edpulas de sus ense\u00f1anzas? \u00bfQu\u00e9 debemos hacer entonces, cuando preferimos aferrarnos a lo terrenal en vez de amar a nuestro pr\u00f3jimo como a nosotras y nosotros mismos?<\/p>\n\n\n\n<p class=\"wp-block-paragraph\">Este evangelio nos habla de una realidad contundente, Jes\u00fas es contundente. El sabe que su misi\u00f3n rompe con las relaciones tradicionales y nos est\u00e1 preparando para asumir el reto de pertenecer a una nueva comunidad unida en un solo bautismo. El fin de los d\u00edas terrenales de Jes\u00fas est\u00e1 cerca y la nueva comunidad debe estar lista para lo que viene. \u00c9l lo sabe, y por eso, en un esfuerzo m\u00e1s de lo que acompa\u00f1ar\u00e1 su sufrimiento y agon\u00eda por el camino de la cruz, y lo que vendr\u00e1 durante su pasi\u00f3n y muerte, nos hace esta advertencia revel\u00e1ndonos claves importantes para seguir adelante. Nuestro sufrimiento, desesperanza, injusticia y desamor ser\u00e1n premiados por nuestra fe y nuestro servicio como fieles disc\u00edpulos y disc\u00edpulas de Jes\u00fas. Para muchos este mensaje puede ser desconsolador y desesperanzador, pero en realidad Jes\u00fas nos est\u00e1 otorgando la oportunidad de que se nos revele una vez m\u00e1s, el misterio de su vida, misi\u00f3n, muerte y resurrecci\u00f3n.<\/p>\n\n\n\n<p class=\"wp-block-paragraph\">La palabra de hoy es una invitaci\u00f3n a que sigamos alimentando nuestra fe y a esa comunidad de fe en la que Jes\u00fas habita porque: \u201cdonde dos o tres se reunen en mi nombre, all\u00ed estoy yo en medio de ellos\u201d; como dice en San Mateo, cap\u00edtulo dieciocho, vers\u00edculo veinte. (San Mateo18:20). Hermanos y hermanas estemos preparados y con la absoluta seguridad que no estamos solos, porque Jes\u00fas est\u00e1 a nuestro lado siempre.<\/p>\n\n\n\n<p class=\"wp-block-paragraph\">Am\u00e9n.<\/p>\n\n\n\n<p class=\"wp-block-paragraph\"><em><em>Este serm\u00f3n fue escrito por <\/em><strong><em>la Rvda. Alejandra Trillos<\/em><\/strong><em>.<\/em><\/em><\/p>\n","protected":false},"excerpt":{"rendered":"<p>Isa\u00edas 5:1-7 y Salmo 80:1-2, 8-18 (o Jerem\u00edas 23:23-29 y Salmo 82); Hebreos 11:29-12:2; San Lucas 12:49-56 En el evangelio de Lucas, Jes\u00fas se nos presenta controversial y desafiante. \u00c9l nos confronta cuando hace la siguiente pregunta: \u201c\u00bfCreen ustedes que vine a traer paz a la tierra?\u201d, y as\u00ed mismo se responde: \u201c\u00a1Les digo que&#8230;<\/p>\n","protected":false},"featured_media":201217,"template":"","meta":{"_acf_changed":false,"_tec_requires_first_save":true,"_kad_blocks_custom_css":"","_kad_blocks_head_custom_js":"","_kad_blocks_body_custom_js":"","_kad_blocks_footer_custom_js":"","_EventAllDay":false,"_EventTimezone":"","_EventStartDate":"","_EventEndDate":"","_EventStartDateUTC":"","_EventEndDateUTC":"","_EventShowMap":false,"_EventShowMapLink":false,"_EventURL":"","_EventCost":"","_EventCostDescription":"","_EventCurrencySymbol":"","_EventCurrencyCode":"","_EventCurrencyPosition":"","_EventDateTimeSeparator":"","_EventTimeRangeSeparator":"","_EventOrganizerID":[],"_EventVenueID":[],"_OrganizerEmail":"","_OrganizerPhone":"","_OrganizerWebsite":"","_VenueAddress":"","_VenueCity":"","_VenueCountry":"","_VenueProvince":"","_VenueState":"","_VenueZip":"","_VenuePhone":"","_VenueURL":"","_VenueStateProvince":"","_VenueLat":"","_VenueLng":"","_VenueShowMap":false,"_VenueShowMapLink":false,"_tribe_blocks_recurrence_rules":"","_tribe_blocks_recurrence_description":"","_tribe_blocks_recurrence_exclusions":"","_kad_post_transparent":"","_kad_post_title":"","_kad_post_layout":"","_kad_post_sidebar_id":"","_kad_post_content_style":"","_kad_post_vertical_padding":"","_kad_post_feature":"","_kad_post_feature_position":"","_kad_post_header":false,"_kad_post_footer":false,"_kad_post_classname":"","ep_exclude_from_search":false,"footnotes":"","_links_to":"","_links_to_target":""},"categories":[43,52,33,1953],"tags":[406],"class_list":["post-537852","sermon","type-sermon","status-publish","has-post-thumbnail","hentry","category-sermons","category-sermons-that-work","category-the-season-after-pentecost","category-worship-and-prayer-menu","tag-propio-15c"],"acf":[],"taxonomy_info":{"category":[{"value":43,"label":"Sermons"},{"value":52,"label":"Sermons That Work"},{"value":33,"label":"The Season After Pentecost"},{"value":1953,"label":"worship_and_prayer_menu"}],"post_tag":[{"value":406,"label":"Propio 15C"}]},"featured_image_src_large":false,"author_info":[],"comment_info":"","_links":{"self":[{"href":"https:\/\/staging.episcopalchurch.org\/es\/wp-json\/wp\/v2\/sermon\/537852","targetHints":{"allow":["GET"]}}],"collection":[{"href":"https:\/\/staging.episcopalchurch.org\/es\/wp-json\/wp\/v2\/sermon"}],"about":[{"href":"https:\/\/staging.episcopalchurch.org\/es\/wp-json\/wp\/v2\/types\/sermon"}],"version-history":[{"count":2,"href":"https:\/\/staging.episcopalchurch.org\/es\/wp-json\/wp\/v2\/sermon\/537852\/revisions"}],"predecessor-version":[{"id":3473661,"href":"https:\/\/staging.episcopalchurch.org\/es\/wp-json\/wp\/v2\/sermon\/537852\/revisions\/3473661"}],"wp:attachment":[{"href":"https:\/\/staging.episcopalchurch.org\/es\/wp-json\/wp\/v2\/media?parent=537852"}],"wp:term":[{"taxonomy":"category","embeddable":true,"href":"https:\/\/staging.episcopalchurch.org\/es\/wp-json\/wp\/v2\/categories?post=537852"},{"taxonomy":"post_tag","embeddable":true,"href":"https:\/\/staging.episcopalchurch.org\/es\/wp-json\/wp\/v2\/tags?post=537852"}],"curies":[{"name":"wp","href":"https:\/\/api.w.org\/{rel}","templated":true}]}}

<p class="wp-block-paragraph">Isaías 5:1-7 y Salmo 80:1-2, 8-18 (o Jeremías 23:23-29 y Salmo 82); Hebreos 11:29-12:2; San Lucas 12:49-56</p>



<p class="wp-block-paragraph">En el evangelio de Lucas, Jesús se nos presenta controversial y desafiante. Él nos confronta cuando hace la siguiente pregunta: “¿Creen ustedes que vine a traer paz a la tierra?”, y así mismo se responde: “¡Les digo que no, sino división!”. En esta situación específica su actitud ha sido interpretada como una advertencia de lo que va a ser nuestra entrega al escoger los caminos de Dios.</p>



<p class="wp-block-paragraph">Se nos revela que decidirnos a seguir los senderos de Dios no va a ser una tarea fácil. Por el contrario, se nos va a desafiar, a confrontar y a interponer muchos obstáculos; incluso, por parte de nuestros hermanos y hermanas como bien vemos que ocurre con otras denominaciones cristianas y católicas. E incluso, lo que está ocurriendo dentro de nuestra Iglesia Episcopal y las divisiones que se están dando.</p>



<p class="wp-block-paragraph">¿Cuál es la promesa de vida en Jesús entonces? ¿A cuál tipo de división se refiere? Él se está refiriendo a la opción de vida en el Cristo resucitado y lo que implica ser sus discípulos y vivir en fe. En Hebreos se nos dice: “Pero sin fe es imposible agradar a Dios; porque es necesario que el que se acerca a Dios, crea que el existe, y que recompensa a los que lo buscan”. El vivir en fe nos enseña sobre el efecto de nuestras decisiones y sus consecuencias cuando decidimos caminar por los senderos de Dios.</p>



<p class="wp-block-paragraph">El Señor nos revela una vez más y en momentos críticos de su misión aquí en la tierra; la clave en el cómo escogemos lo que Dios tiene para nosotros y nosotras. Y en el ejemplo de las divisiones entre familiares, nos lleva a comprobar como cada miembro escoge opciones de vida y formas diferentes de vivir su fe.</p>



<p class="wp-block-paragraph">También se nos confronta como tristemente las divisiones se dan por: herencias, estatus, poder, perspectivas políticas, intolerancia, guerras y opresiones. Las transgresiones a la libertad del otro, y los anti-valores en general nos llevan a herirnos los unos a los otros, en vez de amarnos como Jesús nos enseñó.</p>



<p class="wp-block-paragraph">Jesús quiere que entendamos que su inmenso amor, que proviene del Padre, y sabiendo que su hora está cerca, nos quiere sacudir y hacernos entender que no nos podemos quedar en las ataduras de las divisiones. Su mensaje, obra y ejemplo nos llevan a reflexionar y a actuar como herederos del Reino de Dios, que a pesar de las divisiones, hay una comunidad en Cristo que ya ha sido creada. Jesús nos lo ha revelado en un mensaje anterior.</p>



<p class="wp-block-paragraph">Se nos ha enseñado que hay un mandamiento nuevo y que ese mandamiento es la ley del amor. Una ley que afirma el amor de Dios para cada uno de nosotros y nosotras; y así mismo, como se encuentra en el evangelio de San Juan, “…el que le ama, su palabra guardará y el Padre le amará, y ellos vendrán y habitarán con nosotros y nosotras”.</p>



<p class="wp-block-paragraph">Esta nueva comunidad a la que hemos sido llamados a pertenecer a través de Jesús, es una comunidad que no tiene lazos de consanguinidad, sino una comunidad a la que todos pertenecemos por el pacto bautismal, nuestros lazos son espirituales. Donde todos y todas pertenecemos y somos llamados hijos e hijas de Dios. ¿Qué necesitamos entender entonces para hacer parte de esta nueva comunidad y nutrir nuestros lazos como fieles discípulos y discípulas de sus enseñanzas? ¿Qué debemos hacer entonces, cuando preferimos aferrarnos a lo terrenal en vez de amar a nuestro prójimo como a nosotras y nosotros mismos?</p>



<p class="wp-block-paragraph">Este evangelio nos habla de una realidad contundente, Jesús es contundente. El sabe que su misión rompe con las relaciones tradicionales y nos está preparando para asumir el reto de pertenecer a una nueva comunidad unida en un solo bautismo. El fin de los días terrenales de Jesús está cerca y la nueva comunidad debe estar lista para lo que viene. Él lo sabe, y por eso, en un esfuerzo más de lo que acompañará su sufrimiento y agonía por el camino de la cruz, y lo que vendrá durante su pasión y muerte, nos hace esta advertencia revelándonos claves importantes para seguir adelante. Nuestro sufrimiento, desesperanza, injusticia y desamor serán premiados por nuestra fe y nuestro servicio como fieles discípulos y discípulas de Jesús. Para muchos este mensaje puede ser desconsolador y desesperanzador, pero en realidad Jesús nos está otorgando la oportunidad de que se nos revele una vez más, el misterio de su vida, misión, muerte y resurrección.</p>



<p class="wp-block-paragraph">La palabra de hoy es una invitación a que sigamos alimentando nuestra fe y a esa comunidad de fe en la que Jesús habita porque: “donde dos o tres se reunen en mi nombre, allí estoy yo en medio de ellos”; como dice en San Mateo, capítulo dieciocho, versículo veinte. (San Mateo18:20). Hermanos y hermanas estemos preparados y con la absoluta seguridad que no estamos solos, porque Jesús está a nuestro lado siempre.</p>



<p class="wp-block-paragraph">Amén.</p>



<p class="wp-block-paragraph"><em><em>Este sermón fue escrito por </em><strong><em>la Rvda. Alejandra Trillos</em></strong><em>.</em></em></p>

<p>Isaías 5:1-7 y Salmo 80:1-2, 8-18 (o Jeremías 23:23-29 y Salmo 82); Hebreos 11:29-12:2; San Lucas 12:49-56 En el evangelio de Lucas, Jesús se nos presenta controversial y desafiante. Él nos confronta cuando hace la siguiente pregunta: “¿Creen ustedes que vine a traer paz a la tierra?”, y así mismo se responde: “¡Les digo que&#8230;</p>
