{"id":537798,"date":"2010-06-27T14:30:45","date_gmt":"2010-06-27T18:30:45","guid":{"rendered":""},"modified":"2026-06-24T18:47:06","modified_gmt":"2026-06-24T22:47:06","slug":"propio-8-c-2010","status":"publish","type":"sermon","link":"https:\/\/staging.episcopalchurch.org\/es\/sermons\/propio-8-c-2010\/","title":{"rendered":"Propio 8 (C) &#8211; 2010"},"content":{"rendered":"\n<p class=\"wp-block-paragraph\"><strong>Leccionario Dominical, A\u00f1o C<\/strong><br>Preparado por el Rvdo. Rafael Garcia<\/p>\n\n\n\n<p class=\"wp-block-paragraph\">1 Reyes 19:15-16, 19-21; Salmo 16; G\u00e1latas 5:1, 13-25; San Lucas 9:51-62<\/p>\n\n\n\n<p class=\"wp-block-paragraph\">Hoy celebramos esta Eucarist\u00eda y nos reunimos como hermanos y hermanas en Cristo y como hijos e hijas de un mismo Dios. Para as\u00ed dar gracias por todas las bendiciones recibidas y tambi\u00e9n para pedir al Se\u00f1or por nuestras necesidades y las del mundo entero.<\/p>\n\n\n\n<p class=\"wp-block-paragraph\">Hoy la iglesia celebra el quinto domingo despu\u00e9s de la gran fiesta de Pentecost\u00e9s, fiesta que acent\u00faa y acrecienta nuestro compromiso de fe y nuestro testimonio como bautizados y miembros del Cuerpo de Cristo, la iglesia.<\/p>\n\n\n\n<p class=\"wp-block-paragraph\">Cada celebraci\u00f3n eucar\u00edstica es para nosotros un Pentecost\u00e9s, pues en ella somos fortalecidos por el Esp\u00edritu Santo y apoyados por la comunidad.<\/p>\n\n\n\n<p class=\"wp-block-paragraph\">Para empezar hoy, es necesario escuchar desde dentro de nuestro coraz\u00f3n con atenci\u00f3n y alegr\u00eda la Palabra de Dios y, especialmente, el Evangelio de Jes\u00fas. Durante toda la semana hemos visto la televisi\u00f3n, hemos escuchado la radio y hemos le\u00eddo la prensa. Por lo que frecuentemente vivimos aturdidos e invadidos&nbsp; por toda clase de mensajes, voces, ruidos, noticias, informaci\u00f3n y publicidad. Por lo que hoy necesitamos escuchar otra voz diferente que nos relaje, nos restaure y nos cure por dentro. Una voz que nos anime y nos acompa\u00f1e y nos d\u00e9 fuerzas para seguir nuestro camino de la mano del Se\u00f1or.<\/p>\n\n\n\n<p class=\"wp-block-paragraph\">A lo largo de toda la historia del cristianismo, las primeras generaciones cristianas nunca olvidaron que ser cristiano es seguir a Jes\u00fas y vivir como \u00e9l. As\u00ed de claro y sencillo.<\/p>\n\n\n\n<p class=\"wp-block-paragraph\">Unos lo dejaron todo y lo siguieron, otros ofrendaron su propia vida.<\/p>\n\n\n\n<p class=\"wp-block-paragraph\">Es penoso que a lo largo de los a\u00f1os muchas veces la iglesia olvide esto con tanta frecuencia, en el d\u00eda de hoy escuchamos como Lucas nos recuerda y le da tanta importancia a tres dichos de Jes\u00fas que a\u00fan resuenan en nuestros o\u00eddos.<\/p>\n\n\n\n<p class=\"wp-block-paragraph\">El hijo del hombre no tiene donde reclinar la cabeza.<\/p>\n\n\n\n<p class=\"wp-block-paragraph\">Deja que los muertos entierren a sus muertos.<br>El que echa mano al arado y sigue mirando atr\u00e1s, no vale para el reino de Dios.<\/p>\n\n\n\n<p class=\"wp-block-paragraph\">Por lo que estos consejos evang\u00e9licos nos orientan y ayudan a encaminar nuestra vida a un encuentro con Jes\u00fas m\u00e1s pleno, absoluto y radical.<\/p>\n\n\n\n<p class=\"wp-block-paragraph\">Caminando a Jerusal\u00e9n, el maestro se encuentra con tres disc\u00edpulos que dialogan con \u00e9l y a su vez \u00e9l se muestra muy exigente con ellos. En la peregrinaci\u00f3n hacia el reino de Dios, Jes\u00fas pide una entrega total. El que mira atr\u00e1s o hacia otros intereses, no vale para el reino. Jes\u00fas pide una gran libertad y una generosa entrega.<\/p>\n\n\n\n<p class=\"wp-block-paragraph\">Seg\u00fan el Evangelio, cuando Jes\u00fas lleg\u00f3 a Nazaret acompa\u00f1ado por sus disc\u00edpulos, todos&nbsp; quedaron sorprendidos por dos cosas: la sabidur\u00eda de su coraz\u00f3n y la fuerza curadora de sus manos. Era lo que m\u00e1s atra\u00eda a la gente. Jes\u00fas comunicaba su experiencia de Dios, lo que cre\u00eda y lo que viv\u00eda y ense\u00f1aba a vivir bajo el signo del amor.<\/p>\n\n\n\n<p class=\"wp-block-paragraph\">\u00abMiren c\u00f3mo se aman\u00bb, dec\u00edan de los primeros cristianos. Esa era su marca y su se\u00f1al distintiva; el amor.<\/p>\n\n\n\n<p class=\"wp-block-paragraph\">Jes\u00fas no era un l\u00edder autoritario que impon\u00eda su poder, hay una gran diferencia entre autoridad y autoritarismo: la autoridad te la da la gente, el autoritarismo lo impones t\u00fa, Jes\u00fas ten\u00eda autoridad.<\/p>\n\n\n\n<p class=\"wp-block-paragraph\">Jes\u00fas es un curador que sanaba la vida y aliviaba el sufrimiento. Y no podemos verlo como algo pasado y lejano. A\u00fan hoy, \u00e9l sana nuestra vida y nos acompa\u00f1a en nuestro caminar cotidiano, sosteni\u00e9ndonos, alivi\u00e1ndonos y cuid\u00e1ndonos \u00ab\u2026yo estar\u00e9 con ustedes, todos los d\u00edas hasta el fin del mundo\u00bb. Como dice en San Mateo, cap\u00edtulo veinte y ocho, vers\u00edculo veinte.&nbsp; (San Mateo 28:20).<\/p>\n\n\n\n<p class=\"wp-block-paragraph\">Estos tres dichos de Jes\u00fas, que meditamos hoy, nos impulsan a seguir reflexionando lo que significa para nosotros ser miembros del Cuerpo de Cristo, ser partes de este gran pueblo que es la iglesia.<\/p>\n\n\n\n<p class=\"wp-block-paragraph\">Ser cristianos es ser seguidores y no solo seguidores sino portadores de Cristo.<\/p>\n\n\n\n<p class=\"wp-block-paragraph\">Cuando nos bautizamos fuimos sumergidos en las aguas, \u00e9sta es una invitaci\u00f3n a sumergirnos en Dios uno y trino, en un Dios que es familia y comunidad, solo as\u00ed se puede entender a Jes\u00fas. A \u00e9l no se le puede entender desde fuera. Hay que entrar en contacto con \u00e9l. Dejar que nos transforme, que nos renueve. Dejar que vaya introduciendo poco a poco en nosotros cosas tan decisivas como la alegr\u00eda de vivir, la compasi\u00f3n por los dem\u00e1s, y el amor a la humanidad.<\/p>\n\n\n\n<p class=\"wp-block-paragraph\">Poner nuestra vida en sus manos y dejar que nos quite todo los que nos sobra y nos ponga todo lo que nos falta. Dejar que nos ense\u00f1e a vivir en la presencia amistosa y cercana de Dios.<\/p>\n\n\n\n<p class=\"wp-block-paragraph\">Y que esta experiencia nos lleve a decirle Padre Nuestro.<\/p>\n\n\n\n<p class=\"wp-block-paragraph\">Cuando uno se acerca a Jes\u00fas, no se siente atra\u00eddo por una iglesia o por una doctrina, sino invitado a vivir de una manera nueva.<\/p>\n\n\n\n<p class=\"wp-block-paragraph\">Hoy al cabo de tanto tiempo Jes\u00fas nos sigue diciendo que&nbsp; \u201cNo tiene donde reclinar la cabeza\u201d.<\/p>\n\n\n\n<p class=\"wp-block-paragraph\">Seguir a Jes\u00fas solo se aprende sigui\u00e9ndole, los disc\u00edpulos lo aprendieron en los caminos \u00e1speros de Galilea, sin perderlo de vista, sin quedarse lejos de \u00e9l.<\/p>\n\n\n\n<p class=\"wp-block-paragraph\">Este es el tiempo y el momento de volver a Jes\u00fas y buscar primero el reino de Dios. S\u00f3lo as\u00ed nos colocaremos en la verdadera perspectiva para entender y vivir la fe cristiana como \u00e9l quer\u00eda.<\/p>\n\n\n\n<p class=\"wp-block-paragraph\">Seguir a Jes\u00fas es algo que pertenece al ahora, es una decisi\u00f3n para hoy.<\/p>\n\n\n\n<p class=\"wp-block-paragraph\">Jes\u00fas va camino de Jerusal\u00e9n, \u00bfir\u00e1 contigo o sin ti?<\/p>\n\n\n\n<p class=\"wp-block-paragraph\"><br><em>\u2014&nbsp; El Rvdo. Rafael Garcia tiene 37 a\u00f1os de edad, es cubano, casado, tiene dos hijos, es sacerdote ordenado, es Licenciado en Teolog\u00eda del Seminario Ecum\u00e9nico de Matanzas, Cuba, y actualmente es el Sacerdote Encargado de la Iglesia Holy Comforter (el Santo Consolador) en La Peque\u00f1a Habana, Miami, La Florida.<\/em><\/p>\n","protected":false},"excerpt":{"rendered":"<p>Leccionario Dominical, A\u00f1o CPreparado por el Rvdo. Rafael Garcia 1 Reyes 19:15-16, 19-21; Salmo 16; G\u00e1latas 5:1, 13-25; San Lucas 9:51-62 Hoy celebramos esta Eucarist\u00eda y nos reunimos como hermanos y hermanas en Cristo y como hijos e hijas de un mismo Dios. Para as\u00ed dar gracias por todas las bendiciones recibidas y tambi\u00e9n para&#8230;<\/p>\n","protected":false},"featured_media":201217,"template":"","meta":{"_acf_changed":false,"_tec_requires_first_save":true,"_kad_blocks_custom_css":"","_kad_blocks_head_custom_js":"","_kad_blocks_body_custom_js":"","_kad_blocks_footer_custom_js":"","_EventAllDay":false,"_EventTimezone":"","_EventStartDate":"","_EventEndDate":"","_EventStartDateUTC":"","_EventEndDateUTC":"","_EventShowMap":false,"_EventShowMapLink":false,"_EventURL":"","_EventCost":"","_EventCostDescription":"","_EventCurrencySymbol":"","_EventCurrencyCode":"","_EventCurrencyPosition":"","_EventDateTimeSeparator":"","_EventTimeRangeSeparator":"","_EventOrganizerID":[],"_EventVenueID":[],"_OrganizerEmail":"","_OrganizerPhone":"","_OrganizerWebsite":"","_VenueAddress":"","_VenueCity":"","_VenueCountry":"","_VenueProvince":"","_VenueState":"","_VenueZip":"","_VenuePhone":"","_VenueURL":"","_VenueStateProvince":"","_VenueLat":"","_VenueLng":"","_VenueShowMap":false,"_VenueShowMapLink":false,"_tribe_blocks_recurrence_rules":"","_tribe_blocks_recurrence_description":"","_tribe_blocks_recurrence_exclusions":"","_kad_post_transparent":"","_kad_post_title":"","_kad_post_layout":"","_kad_post_sidebar_id":"","_kad_post_content_style":"","_kad_post_vertical_padding":"","_kad_post_feature":"","_kad_post_feature_position":"","_kad_post_header":false,"_kad_post_footer":false,"_kad_post_classname":"","ep_exclude_from_search":false,"footnotes":"","_links_to":"","_links_to_target":""},"categories":[43,52,33,3],"tags":[459],"class_list":["post-537798","sermon","type-sermon","status-publish","has-post-thumbnail","hentry","category-sermons","category-sermons-that-work","category-the-season-after-pentecost","category-worship-and-prayer-menu","tag-propio-8c"],"acf":[],"taxonomy_info":{"category":[{"value":43,"label":"Sermons"},{"value":52,"label":"Sermons That Work"},{"value":33,"label":"The Season After Pentecost"},{"value":3,"label":"worship_and_prayer_menu"}],"post_tag":[{"value":459,"label":"Propio 8C"}]},"featured_image_src_large":false,"author_info":[],"comment_info":"","_links":{"self":[{"href":"https:\/\/staging.episcopalchurch.org\/es\/wp-json\/wp\/v2\/sermon\/537798","targetHints":{"allow":["GET"]}}],"collection":[{"href":"https:\/\/staging.episcopalchurch.org\/es\/wp-json\/wp\/v2\/sermon"}],"about":[{"href":"https:\/\/staging.episcopalchurch.org\/es\/wp-json\/wp\/v2\/types\/sermon"}],"version-history":[{"count":1,"href":"https:\/\/staging.episcopalchurch.org\/es\/wp-json\/wp\/v2\/sermon\/537798\/revisions"}],"predecessor-version":[{"id":950688,"href":"https:\/\/staging.episcopalchurch.org\/es\/wp-json\/wp\/v2\/sermon\/537798\/revisions\/950688"}],"wp:attachment":[{"href":"https:\/\/staging.episcopalchurch.org\/es\/wp-json\/wp\/v2\/media?parent=537798"}],"wp:term":[{"taxonomy":"category","embeddable":true,"href":"https:\/\/staging.episcopalchurch.org\/es\/wp-json\/wp\/v2\/categories?post=537798"},{"taxonomy":"post_tag","embeddable":true,"href":"https:\/\/staging.episcopalchurch.org\/es\/wp-json\/wp\/v2\/tags?post=537798"}],"curies":[{"name":"wp","href":"https:\/\/api.w.org\/{rel}","templated":true}]}}

<p class="wp-block-paragraph"><strong>Leccionario Dominical, Año C</strong><br>Preparado por el Rvdo. Rafael Garcia</p>



<p class="wp-block-paragraph">1 Reyes 19:15-16, 19-21; Salmo 16; Gálatas 5:1, 13-25; San Lucas 9:51-62</p>



<p class="wp-block-paragraph">Hoy celebramos esta Eucaristía y nos reunimos como hermanos y hermanas en Cristo y como hijos e hijas de un mismo Dios. Para así dar gracias por todas las bendiciones recibidas y también para pedir al Señor por nuestras necesidades y las del mundo entero.</p>



<p class="wp-block-paragraph">Hoy la iglesia celebra el quinto domingo después de la gran fiesta de Pentecostés, fiesta que acentúa y acrecienta nuestro compromiso de fe y nuestro testimonio como bautizados y miembros del Cuerpo de Cristo, la iglesia.</p>



<p class="wp-block-paragraph">Cada celebración eucarística es para nosotros un Pentecostés, pues en ella somos fortalecidos por el Espíritu Santo y apoyados por la comunidad.</p>



<p class="wp-block-paragraph">Para empezar hoy, es necesario escuchar desde dentro de nuestro corazón con atención y alegría la Palabra de Dios y, especialmente, el Evangelio de Jesús. Durante toda la semana hemos visto la televisión, hemos escuchado la radio y hemos leído la prensa. Por lo que frecuentemente vivimos aturdidos e invadidos&nbsp; por toda clase de mensajes, voces, ruidos, noticias, información y publicidad. Por lo que hoy necesitamos escuchar otra voz diferente que nos relaje, nos restaure y nos cure por dentro. Una voz que nos anime y nos acompañe y nos dé fuerzas para seguir nuestro camino de la mano del Señor.</p>



<p class="wp-block-paragraph">A lo largo de toda la historia del cristianismo, las primeras generaciones cristianas nunca olvidaron que ser cristiano es seguir a Jesús y vivir como él. Así de claro y sencillo.</p>



<p class="wp-block-paragraph">Unos lo dejaron todo y lo siguieron, otros ofrendaron su propia vida.</p>



<p class="wp-block-paragraph">Es penoso que a lo largo de los años muchas veces la iglesia olvide esto con tanta frecuencia, en el día de hoy escuchamos como Lucas nos recuerda y le da tanta importancia a tres dichos de Jesús que aún resuenan en nuestros oídos.</p>



<p class="wp-block-paragraph">El hijo del hombre no tiene donde reclinar la cabeza.</p>



<p class="wp-block-paragraph">Deja que los muertos entierren a sus muertos.<br>El que echa mano al arado y sigue mirando atrás, no vale para el reino de Dios.</p>



<p class="wp-block-paragraph">Por lo que estos consejos evangélicos nos orientan y ayudan a encaminar nuestra vida a un encuentro con Jesús más pleno, absoluto y radical.</p>



<p class="wp-block-paragraph">Caminando a Jerusalén, el maestro se encuentra con tres discípulos que dialogan con él y a su vez él se muestra muy exigente con ellos. En la peregrinación hacia el reino de Dios, Jesús pide una entrega total. El que mira atrás o hacia otros intereses, no vale para el reino. Jesús pide una gran libertad y una generosa entrega.</p>



<p class="wp-block-paragraph">Según el Evangelio, cuando Jesús llegó a Nazaret acompañado por sus discípulos, todos&nbsp; quedaron sorprendidos por dos cosas: la sabiduría de su corazón y la fuerza curadora de sus manos. Era lo que más atraía a la gente. Jesús comunicaba su experiencia de Dios, lo que creía y lo que vivía y enseñaba a vivir bajo el signo del amor.</p>



<p class="wp-block-paragraph">«Miren cómo se aman», decían de los primeros cristianos. Esa era su marca y su señal distintiva; el amor.</p>



<p class="wp-block-paragraph">Jesús no era un líder autoritario que imponía su poder, hay una gran diferencia entre autoridad y autoritarismo: la autoridad te la da la gente, el autoritarismo lo impones tú, Jesús tenía autoridad.</p>



<p class="wp-block-paragraph">Jesús es un curador que sanaba la vida y aliviaba el sufrimiento. Y no podemos verlo como algo pasado y lejano. Aún hoy, él sana nuestra vida y nos acompaña en nuestro caminar cotidiano, sosteniéndonos, aliviándonos y cuidándonos «…yo estaré con ustedes, todos los días hasta el fin del mundo». Como dice en San Mateo, capítulo veinte y ocho, versículo veinte.&nbsp; (San Mateo 28:20).</p>



<p class="wp-block-paragraph">Estos tres dichos de Jesús, que meditamos hoy, nos impulsan a seguir reflexionando lo que significa para nosotros ser miembros del Cuerpo de Cristo, ser partes de este gran pueblo que es la iglesia.</p>



<p class="wp-block-paragraph">Ser cristianos es ser seguidores y no solo seguidores sino portadores de Cristo.</p>



<p class="wp-block-paragraph">Cuando nos bautizamos fuimos sumergidos en las aguas, ésta es una invitación a sumergirnos en Dios uno y trino, en un Dios que es familia y comunidad, solo así se puede entender a Jesús. A él no se le puede entender desde fuera. Hay que entrar en contacto con él. Dejar que nos transforme, que nos renueve. Dejar que vaya introduciendo poco a poco en nosotros cosas tan decisivas como la alegría de vivir, la compasión por los demás, y el amor a la humanidad.</p>



<p class="wp-block-paragraph">Poner nuestra vida en sus manos y dejar que nos quite todo los que nos sobra y nos ponga todo lo que nos falta. Dejar que nos enseñe a vivir en la presencia amistosa y cercana de Dios.</p>



<p class="wp-block-paragraph">Y que esta experiencia nos lleve a decirle Padre Nuestro.</p>



<p class="wp-block-paragraph">Cuando uno se acerca a Jesús, no se siente atraído por una iglesia o por una doctrina, sino invitado a vivir de una manera nueva.</p>



<p class="wp-block-paragraph">Hoy al cabo de tanto tiempo Jesús nos sigue diciendo que&nbsp; “No tiene donde reclinar la cabeza”.</p>



<p class="wp-block-paragraph">Seguir a Jesús solo se aprende siguiéndole, los discípulos lo aprendieron en los caminos ásperos de Galilea, sin perderlo de vista, sin quedarse lejos de él.</p>



<p class="wp-block-paragraph">Este es el tiempo y el momento de volver a Jesús y buscar primero el reino de Dios. Sólo así nos colocaremos en la verdadera perspectiva para entender y vivir la fe cristiana como él quería.</p>



<p class="wp-block-paragraph">Seguir a Jesús es algo que pertenece al ahora, es una decisión para hoy.</p>



<p class="wp-block-paragraph">Jesús va camino de Jerusalén, ¿irá contigo o sin ti?</p>



<p class="wp-block-paragraph"><br><em>—&nbsp; El Rvdo. Rafael Garcia tiene 37 años de edad, es cubano, casado, tiene dos hijos, es sacerdote ordenado, es Licenciado en Teología del Seminario Ecuménico de Matanzas, Cuba, y actualmente es el Sacerdote Encargado de la Iglesia Holy Comforter (el Santo Consolador) en La Pequeña Habana, Miami, La Florida.</em></p>

<p>Leccionario Dominical, Año CPreparado por el Rvdo. Rafael Garcia 1 Reyes 19:15-16, 19-21; Salmo 16; Gálatas 5:1, 13-25; San Lucas 9:51-62 Hoy celebramos esta Eucaristía y nos reunimos como hermanos y hermanas en Cristo y como hijos e hijas de un mismo Dios. Para así dar gracias por todas las bendiciones recibidas y también para&#8230;</p>
