{"id":512984,"date":"2019-06-19T13:21:23","date_gmt":"2019-06-19T17:21:23","guid":{"rendered":""},"modified":"2026-06-24T17:31:49","modified_gmt":"2026-06-24T21:31:49","slug":"domingo-de-la-trinidad-c-2019","status":"publish","type":"sermon","link":"https:\/\/staging.episcopalchurch.org\/es\/sermons\/domingo-de-la-trinidad-c-2019\/","title":{"rendered":"Domingo de la Trinidad (C) &#8211; 2019"},"content":{"rendered":"\n<hr class=\"wp-block-separator is-style-wide\"\/>\n\n\n\n<div class=\"wp-block-image\"><figure class=\"alignright size-large is-resized\"><img decoding=\"async\" src=\"https:\/\/www.episcopalchurch.org\/wp-content\/uploads\/2020\/10\/Domingo-de-la-Trinidad-C-2019-1024x536.png\" alt=\"\" class=\"wp-image-190136\" width=\"666\"\/><\/figure><\/div>\n\n\n\n<p class=\"wp-block-paragraph\">Somos una Iglesia de fe Trinitaria. La mayor parte del a\u00f1o nuestros celebrantes inician los servicios eucar\u00edsticos diciendo \u201cBendito sea Dios, Padre, Hijo y Esp\u00edritu Santo\u201d. Los domingos recitamos el credo Niceno del cual la mayor parte se centra en los atributos de cada una de las personas de la Sant\u00edsima Trinidad. Cerramos muchas de nuestras oraciones con la formula: \u201cpor Jesucristo nuestro Se\u00f1or, que vive y reina contigo, en la unidad del Esp\u00edritu Santo, un solo Dios, ahora y por siempre\u201d, y regularmente al final de nuestros servicios el celebrante nos bendice con estas palabras: \u201cla bendici\u00f3n de Dios omnipotente, el Padre, el Hijo y el Esp\u00edritu Santo, sea con ustedes y more con ustedes eternamente.\u201d<\/p>\n\n\n\n<p class=\"wp-block-paragraph\">El Dios de nuestra fe es un Dios Trinitario, se manifiesta en tres personas, cada una de las cuales tiene un papel espec\u00edfico en este gran proyecto de creaci\u00f3n y salvaci\u00f3n al que Dios nos invita a participar. Esto puede parecernos complicado; en realidad el concepto de lo Divino en tres personas distintas pero con una sola naturaleza, provoc\u00f3 mucho qu\u00e9 pensar a lo cristianos y te\u00f3logos de los primeros siglos; y tambi\u00e9n a nosotros hoy se nos puede dificultar. Hubo tiempo en que muchos hombres y mujeres del pasado, ante la imposibilidad de entender tanto misterio, tuvieron que acogerse a la sugerencia ofrecida por el Ap\u00f3stol Pablo en la segunda carta que escribe a los Corintios: \u201cporque por fe andamos no por la vista\u201d. Tambi\u00e9n nosotros debi\u00e9ramos hacer lo mismo. La fe es un lugar seguro cuando nuestra raz\u00f3n no alcanza a descifrar lo insondable de Dios.&nbsp; Muchas veces tenemos que refugiarnos en el \u00e1mbito de la fe cuando nuestra mente alcanza su l\u00edmite en el esfuerzo por leer correctamente a Dios.<\/p>\n\n\n\n<p class=\"wp-block-paragraph\">Pero lo que s\u00ed queda muy claro, es que Dios es intencionalmente comunitario y consistentemente comprometido con una relaci\u00f3n de di\u00e1logo. Un entendimiento as\u00ed sobre Dios se nos convierte en clave y fundamento de nuestra vida de fe, de familia y de trabajo fraterno, especialmente en esta era en la que nos sentimos cada vez m\u00e1s empujados al individualismo y a la vida privada. En el misterio de la Sant\u00edsima Trinidad, Dios no solo expresa una intenci\u00f3n de vivir en comunidad, sino que modela para nosotros el verdadero arte de vivir en perfecta \u201ckoinonia\u201d, es decir, en comuni\u00f3n, actuando y d\u00e1ndose a conocer en el di\u00e1logo, la convivencia y el compa\u00f1erismo.<\/p>\n\n\n\n<p class=\"wp-block-paragraph\">\u00bfPor qu\u00e9 podemos decir esto sobre Dios? Lo podemos decir porque la biblia nos ofrece las bases para hacer afirmaciones como \u00e9stas. Dios crea en di\u00e1logo. En el cap\u00edtulo uno del libro del G\u00e9nesis encontramos estas palabras: Dijo Dios: \u201chagamos al ser humano a nuestra imagen, como semejanza nuestra: que mande en los peces del mar y en las aves del cielo, en las bestias y en todas las alima\u00f1as terrestres, y en todos los reptiles que reptan por la tierra\u201d. Dios dijo \u201chagamos\u201d, no dijo: voy a hacer. Est\u00e1 en di\u00e1logo, y nosotros despu\u00e9s de tanto tiempo creyendo, escuchando y leyendo la palabra, sabemos bien quienes son sus interlocutores. \u201cHagamos\u201d, es una invitaci\u00f3n a co-hacer, a co-crear con Dios. Es un llamado que empodera y abre toda clase de oportunidades para el crecimiento comunitario, el desarrollo de las relaciones y la renovaci\u00f3n diaria de nuestro compromiso con el reino de cielos.<\/p>\n\n\n\n<p class=\"wp-block-paragraph\">En el libro del \u00c9xodo, el autor sagrado nos cuenta que Dios libera al pueblo de Israel en compa\u00f1erismo con Mois\u00e9s y esa intenci\u00f3n de trabajo en equipo la expresa Dios en el cap\u00edtulo tres del mismo libro, cuando dice: \u201cyo estar\u00e9 contigo, y \u00e9sta ser\u00e1 la se\u00f1al de que yo te env\u00edo: cuando hayas sacado al pueblo de Egipto dar\u00e1s culto a Dios en este monte\u201d.&nbsp; Dios desea salvar y liberar, y quiere que nosotros nos involucremos, por eso invita a Mois\u00e9s a caminar con \u00c9l, del mismo modo que nos invita a nosotros, como individuos y comunidad, a caminar con \u00c9l en este mundo; mundo que exige cambios y est\u00e1 tan necesitado de la intervenci\u00f3n liberadora de Dios. Esa relaci\u00f3n de compa\u00f1erismo entre Dios y Mois\u00e9s se ve ocasionalmente empa\u00f1ada por las dudas y reclamos de Mois\u00e9s y por los desaf\u00edos de la realidad, pero Dios restablece la relaci\u00f3n y la confianza con se\u00f1ales de esperanza que empoderan a Mois\u00e9s y lo ayudan a perseverar en su camino y misi\u00f3n.<\/p>\n\n\n\n<p class=\"wp-block-paragraph\">Dios redime haci\u00e9ndose uno con nosotros en la persona de Jes\u00fas por medio de la encarnaci\u00f3n y en su bautismo pone de manifiesto que las acciones de Jes\u00fas est\u00e1n en leg\u00edtima correlaci\u00f3n con las otras dos personas de la Sant\u00edsima Trinidad. En el evangelio de Lucas, en el cap\u00edtulo cuatro, leemos: \u201cJes\u00fas, ya bautizado, se hallaba en oraci\u00f3n, cuando se abri\u00f3 el cielo, baj\u00f3 sobre \u00e9l el Esp\u00edritu Santo en forma corporal, como una paloma, y lleg\u00f3 una voz del cielo: \u201cT\u00fa eres mi hijo; hoy te he engendrado.\u201d Este relato, que tambi\u00e9n aparece en Mateo y en Marcos, tiene la peculiaridad, no solo de traer a un solo escenario a las tres divinas personas de la Trinidad en el contexto del nuevo testamento sino, de sugerir que es el tiempo del Hijo.<\/p>\n\n\n\n<p class=\"wp-block-paragraph\">Esta \u00faltima idea nos conecta con el pasaje del evangelio de Juan que acabamos de leer en este domingo de Trinidad. En \u00e9l nos desvela el plan de relevo: se acerca el tiempo del Esp\u00edritu y, con \u00e9l, tambi\u00e9n el de la Iglesia: \u201cCuando venga el Esp\u00edritu de la verdad, \u00e9l los guiar\u00e1 a toda verdad\u201d, dice Jes\u00fas.<\/p>\n\n\n\n<p class=\"wp-block-paragraph\">Entonces la misi\u00f3n del Esp\u00edritu es guiarnos al conocimiento de la verdad, no solo porque la verdad es buena sino porque la verdad libera. En este proceso de b\u00fasqueda nos hace bien recordar que, si buscamos con los dem\u00e1s, en di\u00e1logo, aumentamos nuestras oportunidades de encontrar la verdad personal, comunitaria y social que nos puede ayudar a empujar los cambios necesarios para hacer m\u00e1s efectiva la misi\u00f3n de la iglesia en el mundo.<\/p>\n\n\n\n<p class=\"wp-block-paragraph\">Como comunidad debemos pensar en la Trinidad como trabajo en colaboraci\u00f3n con otros, con prop\u00f3sito y tiempos marcados. Cada cual hace su parte, hasta donde le toca y por el tiempo que corresponda, y luego, sin abandonar el conjunto, se hace a un lado para que los relevos puedan actuar. Esto funciona perfectamente bien en la econom\u00eda salv\u00edfica de Dios, y es interesante y particularmente apasionante, cuando lo pensamos desde la perspectiva del Dios Trino y Uno. \u00bfFunciona esto en nuestra comunidad cristiana y en la sociedad en general? Claro que s\u00ed, si lo hacemos funcionar. Imag\u00ednense cada uno de nosotros abrazando la parte del trabajo comunitario que le est\u00e1 reservado y haci\u00e9ndolo bien por el tiempo destinado; o identificando una causa social que nos apasione y comprometi\u00e9ndonos con ella por tanto tiempo como podamos, trabajando en compa\u00f1erismo con otros. En verdad que nos asemejar\u00edamos al Dios que nos cre\u00f3 a semejanza suya.<\/p>\n\n\n\n<p class=\"wp-block-paragraph\">Nuestra oraci\u00f3n hoy es que descubramos el poder de trabajar en comuni\u00f3n, con los dem\u00e1s, y que el Esp\u00edritu nos gu\u00ede al conocimiento de esa verdad.<\/p>\n\n\n\n<p class=\"wp-block-paragraph\">Que Dios nos bendiga hoy, ma\u00f1ana y siempre. Am\u00e9n.<\/p>\n\n\n\n<p class=\"wp-block-paragraph\"><em>El Rvdo. Sim\u00f3n Bautista es can\u00f3nigo misionero para el ministerio Latino en la Iglesia Catedral de Cristo en Houston, Texas.<\/em><\/p>\n\n\n\n<div class=\"wp-block-file\"><a href=\"https:\/\/www.episcopalchurch.org\/wp-content\/uploads\/2020\/10\/Sermon-Spanish-Domingo-de-la-Trinidad-C-2019.docx\"><strong>Sermon-Spanish-Domingo-de-la-Trinidad-C-2019<\/strong><\/a><a href=\"https:\/\/www.episcopalchurch.org\/wp-content\/uploads\/2020\/10\/Sermon-Spanish-Domingo-de-la-Trinidad-C-2019.docx\" class=\"wp-block-file__button\" download>Download<\/a><\/div>\n\n\n\n<div class=\"wp-block-file\"><a href=\"https:\/\/www.episcopalchurch.org\/wp-content\/uploads\/2020\/10\/Sermon-Spanish-Domingo-de-la-Trinidad-C-2019.pdf\"><strong>Sermon-Spanish-Domingo-de-la-Trinidad-C-2019<\/strong><\/a><a href=\"https:\/\/www.episcopalchurch.org\/wp-content\/uploads\/2020\/10\/Sermon-Spanish-Domingo-de-la-Trinidad-C-2019.pdf\" class=\"wp-block-file__button\" download>Download<\/a><\/div>\n","protected":false},"excerpt":{"rendered":"<p>Somos una Iglesia de fe Trinitaria. La mayor parte del a\u00f1o nuestros celebrantes inician los servicios eucar\u00edsticos diciendo \u201cBendito sea Dios, Padre, Hijo y Esp\u00edritu Santo\u201d. Los domingos recitamos el credo Niceno del cual la mayor parte se centra en los atributos de cada una de las personas de la Sant\u00edsima Trinidad. Cerramos muchas de&#8230;<\/p>\n","protected":false},"featured_media":201217,"template":"","meta":{"_acf_changed":false,"_tec_requires_first_save":true,"_kad_blocks_custom_css":"","_kad_blocks_head_custom_js":"","_kad_blocks_body_custom_js":"","_kad_blocks_footer_custom_js":"","_EventAllDay":false,"_EventTimezone":"","_EventStartDate":"","_EventEndDate":"","_EventStartDateUTC":"","_EventEndDateUTC":"","_EventShowMap":false,"_EventShowMapLink":false,"_EventURL":"","_EventCost":"","_EventCostDescription":"","_EventCurrencySymbol":"","_EventCurrencyCode":"","_EventCurrencyPosition":"","_EventDateTimeSeparator":"","_EventTimeRangeSeparator":"","_EventOrganizerID":[],"_EventVenueID":[],"_OrganizerEmail":"","_OrganizerPhone":"","_OrganizerWebsite":"","_VenueAddress":"","_VenueCity":"","_VenueCountry":"","_VenueProvince":"","_VenueState":"","_VenueZip":"","_VenuePhone":"","_VenueURL":"","_VenueStateProvince":"","_VenueLat":"","_VenueLng":"","_VenueShowMap":false,"_VenueShowMapLink":false,"_tribe_blocks_recurrence_rules":"","_tribe_blocks_recurrence_description":"","_tribe_blocks_recurrence_exclusions":"","_kad_post_transparent":"","_kad_post_title":"","_kad_post_layout":"","_kad_post_sidebar_id":"","_kad_post_content_style":"","_kad_post_vertical_padding":"","_kad_post_feature":"","_kad_post_feature_position":"","_kad_post_header":false,"_kad_post_footer":false,"_kad_post_classname":"","ep_exclude_from_search":false,"footnotes":"","_links_to":"","_links_to_target":""},"categories":[43,52,33,3],"tags":[387],"class_list":["post-512984","sermon","type-sermon","status-publish","has-post-thumbnail","hentry","category-sermons","category-sermons-that-work","category-the-season-after-pentecost","category-worship-and-prayer-menu","tag-domingo-de-la-trinidad-c"],"acf":[],"taxonomy_info":{"category":[{"value":43,"label":"Sermons"},{"value":52,"label":"Sermons That Work"},{"value":33,"label":"The Season After Pentecost"},{"value":3,"label":"worship_and_prayer_menu"}],"post_tag":[{"value":387,"label":"Domingo de la Trinidad C"}]},"featured_image_src_large":false,"author_info":[],"comment_info":"","_links":{"self":[{"href":"https:\/\/staging.episcopalchurch.org\/es\/wp-json\/wp\/v2\/sermon\/512984","targetHints":{"allow":["GET"]}}],"collection":[{"href":"https:\/\/staging.episcopalchurch.org\/es\/wp-json\/wp\/v2\/sermon"}],"about":[{"href":"https:\/\/staging.episcopalchurch.org\/es\/wp-json\/wp\/v2\/types\/sermon"}],"version-history":[{"count":1,"href":"https:\/\/staging.episcopalchurch.org\/es\/wp-json\/wp\/v2\/sermon\/512984\/revisions"}],"predecessor-version":[{"id":949329,"href":"https:\/\/staging.episcopalchurch.org\/es\/wp-json\/wp\/v2\/sermon\/512984\/revisions\/949329"}],"wp:attachment":[{"href":"https:\/\/staging.episcopalchurch.org\/es\/wp-json\/wp\/v2\/media?parent=512984"}],"wp:term":[{"taxonomy":"category","embeddable":true,"href":"https:\/\/staging.episcopalchurch.org\/es\/wp-json\/wp\/v2\/categories?post=512984"},{"taxonomy":"post_tag","embeddable":true,"href":"https:\/\/staging.episcopalchurch.org\/es\/wp-json\/wp\/v2\/tags?post=512984"}],"curies":[{"name":"wp","href":"https:\/\/api.w.org\/{rel}","templated":true}]}}

<hr class="wp-block-separator is-style-wide"/>



<div class="wp-block-image"><figure class="alignright size-large is-resized"><img decoding="async" src="https://www.episcopalchurch.org/wp-content/uploads/2020/10/Domingo-de-la-Trinidad-C-2019-1024x536.png" alt="" class="wp-image-190136" width="666"/></figure></div>



<p class="wp-block-paragraph">Somos una Iglesia de fe Trinitaria. La mayor parte del año nuestros celebrantes inician los servicios eucarísticos diciendo “Bendito sea Dios, Padre, Hijo y Espíritu Santo”. Los domingos recitamos el credo Niceno del cual la mayor parte se centra en los atributos de cada una de las personas de la Santísima Trinidad. Cerramos muchas de nuestras oraciones con la formula: “por Jesucristo nuestro Señor, que vive y reina contigo, en la unidad del Espíritu Santo, un solo Dios, ahora y por siempre”, y regularmente al final de nuestros servicios el celebrante nos bendice con estas palabras: “la bendición de Dios omnipotente, el Padre, el Hijo y el Espíritu Santo, sea con ustedes y more con ustedes eternamente.”</p>



<p class="wp-block-paragraph">El Dios de nuestra fe es un Dios Trinitario, se manifiesta en tres personas, cada una de las cuales tiene un papel específico en este gran proyecto de creación y salvación al que Dios nos invita a participar. Esto puede parecernos complicado; en realidad el concepto de lo Divino en tres personas distintas pero con una sola naturaleza, provocó mucho qué pensar a lo cristianos y teólogos de los primeros siglos; y también a nosotros hoy se nos puede dificultar. Hubo tiempo en que muchos hombres y mujeres del pasado, ante la imposibilidad de entender tanto misterio, tuvieron que acogerse a la sugerencia ofrecida por el Apóstol Pablo en la segunda carta que escribe a los Corintios: “porque por fe andamos no por la vista”. También nosotros debiéramos hacer lo mismo. La fe es un lugar seguro cuando nuestra razón no alcanza a descifrar lo insondable de Dios.&nbsp; Muchas veces tenemos que refugiarnos en el ámbito de la fe cuando nuestra mente alcanza su límite en el esfuerzo por leer correctamente a Dios.</p>



<p class="wp-block-paragraph">Pero lo que sí queda muy claro, es que Dios es intencionalmente comunitario y consistentemente comprometido con una relación de diálogo. Un entendimiento así sobre Dios se nos convierte en clave y fundamento de nuestra vida de fe, de familia y de trabajo fraterno, especialmente en esta era en la que nos sentimos cada vez más empujados al individualismo y a la vida privada. En el misterio de la Santísima Trinidad, Dios no solo expresa una intención de vivir en comunidad, sino que modela para nosotros el verdadero arte de vivir en perfecta “koinonia”, es decir, en comunión, actuando y dándose a conocer en el diálogo, la convivencia y el compañerismo.</p>



<p class="wp-block-paragraph">¿Por qué podemos decir esto sobre Dios? Lo podemos decir porque la biblia nos ofrece las bases para hacer afirmaciones como éstas. Dios crea en diálogo. En el capítulo uno del libro del Génesis encontramos estas palabras: Dijo Dios: “hagamos al ser humano a nuestra imagen, como semejanza nuestra: que mande en los peces del mar y en las aves del cielo, en las bestias y en todas las alimañas terrestres, y en todos los reptiles que reptan por la tierra”. Dios dijo “hagamos”, no dijo: voy a hacer. Está en diálogo, y nosotros después de tanto tiempo creyendo, escuchando y leyendo la palabra, sabemos bien quienes son sus interlocutores. “Hagamos”, es una invitación a co-hacer, a co-crear con Dios. Es un llamado que empodera y abre toda clase de oportunidades para el crecimiento comunitario, el desarrollo de las relaciones y la renovación diaria de nuestro compromiso con el reino de cielos.</p>



<p class="wp-block-paragraph">En el libro del Éxodo, el autor sagrado nos cuenta que Dios libera al pueblo de Israel en compañerismo con Moisés y esa intención de trabajo en equipo la expresa Dios en el capítulo tres del mismo libro, cuando dice: “yo estaré contigo, y ésta será la señal de que yo te envío: cuando hayas sacado al pueblo de Egipto darás culto a Dios en este monte”.&nbsp; Dios desea salvar y liberar, y quiere que nosotros nos involucremos, por eso invita a Moisés a caminar con Él, del mismo modo que nos invita a nosotros, como individuos y comunidad, a caminar con Él en este mundo; mundo que exige cambios y está tan necesitado de la intervención liberadora de Dios. Esa relación de compañerismo entre Dios y Moisés se ve ocasionalmente empañada por las dudas y reclamos de Moisés y por los desafíos de la realidad, pero Dios restablece la relación y la confianza con señales de esperanza que empoderan a Moisés y lo ayudan a perseverar en su camino y misión.</p>



<p class="wp-block-paragraph">Dios redime haciéndose uno con nosotros en la persona de Jesús por medio de la encarnación y en su bautismo pone de manifiesto que las acciones de Jesús están en legítima correlación con las otras dos personas de la Santísima Trinidad. En el evangelio de Lucas, en el capítulo cuatro, leemos: “Jesús, ya bautizado, se hallaba en oración, cuando se abrió el cielo, bajó sobre él el Espíritu Santo en forma corporal, como una paloma, y llegó una voz del cielo: “Tú eres mi hijo; hoy te he engendrado.” Este relato, que también aparece en Mateo y en Marcos, tiene la peculiaridad, no solo de traer a un solo escenario a las tres divinas personas de la Trinidad en el contexto del nuevo testamento sino, de sugerir que es el tiempo del Hijo.</p>



<p class="wp-block-paragraph">Esta última idea nos conecta con el pasaje del evangelio de Juan que acabamos de leer en este domingo de Trinidad. En él nos desvela el plan de relevo: se acerca el tiempo del Espíritu y, con él, también el de la Iglesia: “Cuando venga el Espíritu de la verdad, él los guiará a toda verdad”, dice Jesús.</p>



<p class="wp-block-paragraph">Entonces la misión del Espíritu es guiarnos al conocimiento de la verdad, no solo porque la verdad es buena sino porque la verdad libera. En este proceso de búsqueda nos hace bien recordar que, si buscamos con los demás, en diálogo, aumentamos nuestras oportunidades de encontrar la verdad personal, comunitaria y social que nos puede ayudar a empujar los cambios necesarios para hacer más efectiva la misión de la iglesia en el mundo.</p>



<p class="wp-block-paragraph">Como comunidad debemos pensar en la Trinidad como trabajo en colaboración con otros, con propósito y tiempos marcados. Cada cual hace su parte, hasta donde le toca y por el tiempo que corresponda, y luego, sin abandonar el conjunto, se hace a un lado para que los relevos puedan actuar. Esto funciona perfectamente bien en la economía salvífica de Dios, y es interesante y particularmente apasionante, cuando lo pensamos desde la perspectiva del Dios Trino y Uno. ¿Funciona esto en nuestra comunidad cristiana y en la sociedad en general? Claro que sí, si lo hacemos funcionar. Imagínense cada uno de nosotros abrazando la parte del trabajo comunitario que le está reservado y haciéndolo bien por el tiempo destinado; o identificando una causa social que nos apasione y comprometiéndonos con ella por tanto tiempo como podamos, trabajando en compañerismo con otros. En verdad que nos asemejaríamos al Dios que nos creó a semejanza suya.</p>



<p class="wp-block-paragraph">Nuestra oración hoy es que descubramos el poder de trabajar en comunión, con los demás, y que el Espíritu nos guíe al conocimiento de esa verdad.</p>



<p class="wp-block-paragraph">Que Dios nos bendiga hoy, mañana y siempre. Amén.</p>



<p class="wp-block-paragraph"><em>El Rvdo. Simón Bautista es canónigo misionero para el ministerio Latino en la Iglesia Catedral de Cristo en Houston, Texas.</em></p>



<div class="wp-block-file"><a href="https://www.episcopalchurch.org/wp-content/uploads/2020/10/Sermon-Spanish-Domingo-de-la-Trinidad-C-2019.docx"><strong>Sermon-Spanish-Domingo-de-la-Trinidad-C-2019</strong></a><a href="https://www.episcopalchurch.org/wp-content/uploads/2020/10/Sermon-Spanish-Domingo-de-la-Trinidad-C-2019.docx" class="wp-block-file__button" download>Download</a></div>



<div class="wp-block-file"><a href="https://www.episcopalchurch.org/wp-content/uploads/2020/10/Sermon-Spanish-Domingo-de-la-Trinidad-C-2019.pdf"><strong>Sermon-Spanish-Domingo-de-la-Trinidad-C-2019</strong></a><a href="https://www.episcopalchurch.org/wp-content/uploads/2020/10/Sermon-Spanish-Domingo-de-la-Trinidad-C-2019.pdf" class="wp-block-file__button" download>Download</a></div>

<p>Somos una Iglesia de fe Trinitaria. La mayor parte del año nuestros celebrantes inician los servicios eucarísticos diciendo “Bendito sea Dios, Padre, Hijo y Espíritu Santo”. Los domingos recitamos el credo Niceno del cual la mayor parte se centra en los atributos de cada una de las personas de la Santísima Trinidad. Cerramos muchas de&#8230;</p>
